
In base 3, what is 100002102 + -12201?
22212201
In base 7, what is -10 + 666306?
666266
In base 12, what is -3750 - 3?
-3753
In base 13, what is 9a0 + -129?
874
In base 11, what is -1513 - 351?
-1864
In base 8, what is -443 + -7416?
-10061
In base 7, what is -1232161 - 4?
-1232165
In base 7, what is 222442 - -3?
222445
In base 6, what is 51433 - 3?
51430
In base 2, what is 1001110000110001101 - 11?
1001110000110001010
In base 15, what is 0 - -12510?
12510
In base 11, what is -1467809 - -5?
-1467804
In base 3, what is -1102 - 21120?
-22222
In base 15, what is -28091 + -4?
-28095
In base 7, what is 513453 - 2?
513451
In base 16, what is 2aed - 2?
2aeb
In base 7, what is 565256 + -44?
565212
In base 9, what is -27 - 132361?
-132388
In base 8, what is 24 - -366476?
366522
In base 5, what is 30 + 314100?
314130
In base 13, what is -12623 - 19?
-1263c
In base 2, what is 111000111000 + -1110?
111000101010
In base 16, what is cd - -63?
130
In base 6, what is -5343 + 505?
-4434
In base 13, what is 1261 - -4?
1265
In base 8, what is 4367403 - -5?
4367410
In base 8, what is -30 + 1546?
1516
In base 16, what is 2 - 18bc6f?
-18bc6d
In base 15, what is a9636 + 8?
a963e
In base 5, what is -3 + 12031340?
12031332
In base 14, what is 1d - 12b79?
-12b5a
In base 16, what is -4d + da?
8d
In base 4, what is -13013333 - -111?
-13013222
In base 15, what is 11cd7 + 8?
11ce0
In base 15, what is 896 - 226?
670
In base 6, what is 522 + 15300?
20222
In base 9, what is 1 - 378048?
-378047
In base 12, what is bb + 84?
183
In base 9, what is 77178 - -2?
77181
In base 15, what is 5 + -8d10?
-8d0a
In base 15, what is 5 + -5e27e?
-5e279
In base 16, what is -5 - 32390?
-32395
In base 13, what is -104 + 85a?
756
In base 4, what is 22031 + -30?
22001
In base 3, what is -2 - 12020101020?
-12020101022
In base 16, what is 65 + 216?
27b
In base 2, what is -1001010000101 - 10110?
-1001010011011
In base 3, what is -1110 - -11101101202?
11101100022
In base 12, what is 45 - a01?
-978
In base 3, what is 10020 - 1200?
1120
In base 4, what is -1122 + -2210211?
-2211333
In base 6, what is 24142124 - -3?
24142131
In base 2, what is 10111100 + -1110100010101?
-1110001011001
In base 3, what is 200101 + -112200?
10201
In base 8, what is -5 + 113612?
113605
In base 7, what is -42341 - 611?
-43252
In base 10, what is 108000 + 1?
108001
In base 2, what is 110001010110 - 1000101?
110000010001
In base 5, what is -101120 - 231?
-101401
In base 7, what is 16026 - 5?
16021
In base 13, what is -13 + -bb19?
-bb2c
In base 3, what is 2 - 222201121?
-222201112
In base 16, what is -247 + -53?
-29a
In base 3, what is 2 + -101001211?
-101001202
In base 12, what is -345 + 225?
-120
In base 2, what is 1101010 - 1011101?
1101
In base 2, what is 0 - 100010100011000100?
-100010100011000100
In base 9, what is -5 + -140041?
-140046
In base 10, what is -96053 + 6?
-96047
In base 14, what is -7 - 4609c?
-460a5
In base 5, what is -3 - -21041321?
21041313
In base 4, what is -11021 - -131222?
120201
In base 11, what is -391459a + 4?
-3914596
In base 16, what is 12c1 + 4?
12c5
In base 9, what is -237 - -1048?
711
In base 14, what is 7 - -1678d?
16796
In base 3, what is 0 + -112010111?
-112010111
In base 5, what is -124031 + 20?
-124011
In base 12, what is 513b + -2?
5139
In base 6, what is -1533 - -322?
-1211
In base 16, what is 190 - 16?
17a
In base 6, what is -13 + -11420?
-11433
In base 14, what is -1bb4 - -3?
-1bb1
In base 2, what is 11011111101101010 + -1?
11011111101101001
In base 5, what is -10 - 1034?
-1044
In base 15, what is -16 + 4d5?
4be
In base 2, what is 101011 - -111111100111?
1000000010010
In base 13, what is -a1 + -50?
-121
In base 7, what is 54 - -441?
525
In base 11, what is -60555 - 10?
-60565
In base 11, what is 458 - -73?
520
In base 11, what is 51156 + -5?
51151
In base 16, what is 821f + 5?
8224
In base 11, what is 677960 - 0?
677960
In base 12, what is 18828 - -2?
1882a
In base 11, what is 13 - -13a330?
13a343
In base 10, what is 49 - -5894?
5943
In base 2, what is 100101101111 - -1001?
100101111000
In base 6, what is 4 - 104105?
-104101
In base 4, what is 330121 + -103?
330012
In base 11, what is 392 + 66?
448
In base 16, what is 5768a - 5?
57685
In base 8, what is -2 + 102206?
102204
In base 9, what is 575261 - 0?
575261
In base 12, what is -4 - -117552?
11754a
In base 10, what is -1 + 21283?
21282
In base 7, what is -310 - 1442?
-2052
In base 15, what is d64 + -7?
d5c
In base 5, what is 242 - -3313433?
3314230
In base 10, what is -3 + -99734?
-99737
In base 13, what is -1 + 4905a?
49059
In base 8, what is -52 - -30706?
30634
In base 14, what is 20c76 - 4?
20c72
In base 15, what is -10598 + 2?
-10596
In base 13, what is 31a4 - -53?
3227
In base 14, what is a - 1cacc?
-1cac2
In base 8, what is -17 + -4573?
-4612
In base 2, what is 101111101 + -1001000001011?
-1000010001110
In base 15, what is -2 - -3618?
3616
In base 8, what is 65 - -256?
343
In base 5, what is -4103 + -14123?
-23231
In base 4, what is 211 + 1113300?
1120111
In base 5, what is 3203 + -44?
3104
In base 2, what is -1101 + -1000011100001101?
-1000011100011010
In base 9, what is -1 - 462411?
-462412
In base 5, what is 2240 + 2204?
4444
In base 16, what is -3 - 40e2b?
-40e2e
In base 14, what is -286c - 1?
-286d
In base 13, what is 0 - -62aa7?
62aa7
In base 7, what is -232620 + -21?
-232641
In base 11, what is -16 - -5381?
5366
In base 7, what is 1 + 5334026?
5334030
In base 3, what is -10212022021 + -1?
-10212022022
In base 9, what is 3567552 - -5?
3567557
In base 9, what is 1 - 307716?
-307715
In base 16, what is -132ee + 0?
-132ee
In base 8, what is 1443 + -47?
1374
In base 7, what is 461214 + -5?
461206
In base 8, what is 2 + -377276?
-377274
In base 8, what is -23577 + 33?
-23544
In base 3, what is 12 - -1120211210100?
1120211210112
In base 12, what is 6 + -a045a?
-a0454
In base 16, what is -3fb9 + 1?
-3fb8
In base 5, what is 3 - -1424132?
1424140
In base 6, what is 53004154 - -3?
53004201
In base 9, what is -10635 - -11?
-10624
In base 9, what is 315 - -32?
347
In base 3, what is -1110002112 - -10?
-1110002102
In base 4, what is -330113 - 2123?
-332302
In base 16, what is -2a + 27e9?
27bf
In base 3, what is 1210200210 + -10022?
1210120111
In base 14, what is a7d21 + 2?
a7d23
In base 10, what is 179 + -57?
122
In base 8, what is 305 - 1520?
-1213
In base 2, what is 10010101010111 + 10001111?
10010111100110
In base 7, what is -36240 + 110?
-36130
In base 11, what is -331713 - 5?
-331718
In base 15, what is 125 + b3?
1d8
In base 15, what is -7073e0 - 3?
-7073e3
In base 7, what is 6234 + -441?
5463
In base 7, what is 120 + -164?
-44
In base 5, what is 44 - 3321204?
-3321110
In base 5, what is -11 - -12043203?
12043142
In base 6, what is 553515 - -21?
553540
In base 9, what is 4 + 423074?
423078
In base 6, what is 11233 + 21?
11254
In base 3, what is -110021111220 + 110?
-110021111110
In base 7, what is 3 + -3662016?
-3662013
In base 16, what is 32aca - 3?
32ac7
In base 14, what is -54d08 + 0?
-54d08
In base 3, what is -1011 + -2001101?
-2002112
In base 16, what is -163a + d?
-162d
In base 2, what is 11011011010100 - 111?
11011011001101
In base 4, what is -103120201 - 1?
-103120202
In base 9, what is -4 + -38002?
-38006
In base 7, what is 142 + 613?
1055
In base 7, what is 330420 - 4?
330413
In base 10, what is 1 + -1149983?
-1149982
In base 13, what is -3 + 7300?
72ca
In base 7, what is 521 + 1615?
2436
In base 13, what is -28c + 22?
-26a
In base 4, what is -1021 + 21323020?
21321333
In base 16, what is 4a0 - -448?
8e8
In base 3, what is -2020122221 - 10?
-2020200001
In base 2, what is -110100 - -11101000110?
11100010010
In base 2, what is 11001000 + -110101010?
-11100010
In base 6, what is 14 - -1441434?
1441452
In base 14, what is 3c279 - 4?
3c275
In base 3, what is -1021020021 + -2001?
-1021022022
In base 8, what is 4 + 3226524?
3226530
In base 15, what is 2 + -76e0?
-76dd
In base 15, what is c1361 - 4?
c135c
In base 4, what is 11223200 + -1022?
11222112
In base 5, what is 42 - -3243?
3340
In base 9, what is 260 - 7701?
-7431
In base 3, what is -1021200 + -110102?
-1202002
In base 3, what is -1 - 111111?
-111112
In base 4, what is 111321301 - -1?
111321302
In base 12, what is 12 + -370?
-35a
In base 12, what is -2b + -17b?
-1a